{"id":124,"date":"2017-06-07T12:42:19","date_gmt":"2017-06-07T10:42:19","guid":{"rendered":"http:\/\/www.lesdavins.fr\/?page_id=124"},"modified":"2026-02-23T18:01:42","modified_gmt":"2026-02-23T17:01:42","slug":"gourmandises","status":"publish","type":"page","link":"https:\/\/www.lesdavins.fr\/index.php\/la-region\/gourmandises\/","title":{"rendered":"Gastronomie"},"content":{"rendered":"<p>La cuisine dauphinoise, qui correspond aux trois d\u00e9partements de la Dr\u00f4me, des Hautes-Alpes et de l&rsquo;Is\u00e8re, est un compromis entre celle de la Provence et celle de la Savoie. Elle tire donc ses racines \u00e0 la fois dans une tradition m\u00e9diterran\u00e9enne et alpine, ce qui lui a donn\u00e9 des sp\u00e9cificit\u00e9s qui lui sont propres.<\/p>\n<p>Sp\u00e9cialit\u00e9s gastronomique de la r\u00e9gion<\/p>\n<p>&nbsp;<\/p>\n<p>ngg_shortcode_0_placeholderFruits &amp; L\u00e9gumes :<br \/>\n&#8211; Huile d&rsquo;olive<br \/>\n&#8211; Ail blanc et noir de la Dr\u00f4me<br \/>\n&#8211; Ch\u00e2taigne de l&rsquo;Ard\u00e9che<br \/>\n&#8211; Melon de Montoison<br \/>\n&#8211; Noix de Grenoble<\/p>\n<p>&nbsp;<\/p>\n<p>Chocolats &amp; Confiserie :<br \/>\n&#8211; Nougat de Mont\u00e9limar<br \/>\n&#8211; Chocolat Valrhona<\/p>\n<p>\u00c9levage :<br \/>\n&#8211; Agneau de la Dr\u00f4me<br \/>\n&#8211; Chapon du Dauphin\u00e9<br \/>\n&#8211; Volailles de la Dr\u00f4me<\/p>\n<p>Fromage :<br \/>\n&#8211; Picodons<br \/>\n&#8211; Bleu du Vercors-Sassenage<br \/>\n&#8211; Bleu du Queyras<br \/>\n&#8211; P\u00e9tafine<br \/>\n&#8211; Foudjou<br \/>\n&#8211; Tomme de brebis<br \/>\n&#8211; Saint-F\u00e9licien<br \/>\n&#8211; Saint-Marcellin<\/p>\n<p>Mets :<br \/>\n&#8211; D\u00e9farde de Crest<br \/>\n&#8211; Caillette<br \/>\n&#8211; Ravioles<\/p>\n<p>P\u00e2tisserie :<br \/>\n&#8211; La couve<br \/>\n&#8211; La Pogne<\/p>\n<p>&nbsp;<\/p>\n","protected":false},"excerpt":{"rendered":"<p>La cuisine dauphinoise, qui correspond aux trois d\u00e9partements de la Dr\u00f4me, des Hautes-Alpes et de l&rsquo;Is\u00e8re, est un compromis entre celle de la Provence et celle de la Savoie. Elle tire donc ses racines \u00e0 la fois dans une tradition m\u00e9diterran\u00e9enne et alpine, ce qui lui a donn\u00e9 des sp\u00e9cificit\u00e9s qui lui sont propres. Sp\u00e9cialit\u00e9s<span class=\"read-more-wrap\"><a class=\"moretag\" href=\"https:\/\/www.lesdavins.fr\/index.php\/la-region\/gourmandises\/\">Lire la suite<span class=\"screen-reader-text\">Gastronomie<\/span><\/a><\/span><\/p>\n","protected":false},"author":1,"featured_media":0,"parent":155,"menu_order":0,"comment_status":"closed","ping_status":"closed","template":"template-fullwidth.php","meta":{"ngg_post_thumbnail":0,"footnotes":""},"class_list":["post-124","page","type-page","status-publish","hentry"],"_links":{"self":[{"href":"https:\/\/www.lesdavins.fr\/index.php\/wp-json\/wp\/v2\/pages\/124","targetHints":{"allow":["GET"]}}],"collection":[{"href":"https:\/\/www.lesdavins.fr\/index.php\/wp-json\/wp\/v2\/pages"}],"about":[{"href":"https:\/\/www.lesdavins.fr\/index.php\/wp-json\/wp\/v2\/types\/page"}],"author":[{"embeddable":true,"href":"https:\/\/www.lesdavins.fr\/index.php\/wp-json\/wp\/v2\/users\/1"}],"replies":[{"embeddable":true,"href":"https:\/\/www.lesdavins.fr\/index.php\/wp-json\/wp\/v2\/comments?post=124"}],"version-history":[{"count":31,"href":"https:\/\/www.lesdavins.fr\/index.php\/wp-json\/wp\/v2\/pages\/124\/revisions"}],"predecessor-version":[{"id":1053,"href":"https:\/\/www.lesdavins.fr\/index.php\/wp-json\/wp\/v2\/pages\/124\/revisions\/1053"}],"up":[{"embeddable":true,"href":"https:\/\/www.lesdavins.fr\/index.php\/wp-json\/wp\/v2\/pages\/155"}],"wp:attachment":[{"href":"https:\/\/www.lesdavins.fr\/index.php\/wp-json\/wp\/v2\/media?parent=124"}],"curies":[{"name":"wp","href":"https:\/\/api.w.org\/{rel}","templated":true}]}}