{"id":121,"date":"2017-06-07T12:41:39","date_gmt":"2017-06-07T10:41:39","guid":{"rendered":"http:\/\/www.lesdavins.fr\/?page_id=121"},"modified":"2026-02-23T17:30:36","modified_gmt":"2026-02-23T16:30:36","slug":"activites-loisirs","status":"publish","type":"page","link":"https:\/\/www.lesdavins.fr\/index.php\/a-l\/activites-loisirs\/","title":{"rendered":"Loisirs \u00e0 proximit\u00e9"},"content":{"rendered":"<p>&nbsp;<\/p>\n<p><img loading=\"lazy\" decoding=\"async\" class=\"wp-image-249 alignright\" src=\"https:\/\/www.lesdavins.fr\/wp-content\/uploads\/2017\/06\/canoe-kayak-drome-300x136.jpg\" alt=\"\" width=\"531\" height=\"241\" srcset=\"https:\/\/www.lesdavins.fr\/wp-content\/uploads\/2017\/06\/canoe-kayak-drome-300x136.jpg 300w, https:\/\/www.lesdavins.fr\/wp-content\/uploads\/2017\/06\/canoe-kayak-drome.jpg 580w\" sizes=\"auto, (max-width: 531px) 100vw, 531px\" \/><\/p>\n<p>&nbsp;<\/p>\n<p>&nbsp;<\/p>\n<p align=\"justify\">A partir d&rsquo;avril, vous pourrez descendre la Dr\u00f4me en cano\u00eb. Plusieurs parcours entre 3 et 49 kms entre Saillans et Crest permettent de d\u00e9couvrir la r\u00e9gion sous un autre angle !<\/p>\n<p>&nbsp;<\/p>\n<p>&nbsp;<\/p>\n<p><img loading=\"lazy\" decoding=\"async\" class=\"wp-image-257 alignleft\" src=\"https:\/\/www.lesdavins.fr\/wp-content\/uploads\/2017\/06\/viaferrata-300x128.jpg\" alt=\"\" width=\"628\" height=\"268\" srcset=\"https:\/\/www.lesdavins.fr\/wp-content\/uploads\/2017\/06\/viaferrata-300x128.jpg 300w, https:\/\/www.lesdavins.fr\/wp-content\/uploads\/2017\/06\/viaferrata-768x329.jpg 768w, https:\/\/www.lesdavins.fr\/wp-content\/uploads\/2017\/06\/viaferrata-1024x438.jpg 1024w, https:\/\/www.lesdavins.fr\/wp-content\/uploads\/2017\/06\/viaferrata.jpg 1170w\" sizes=\"auto, (max-width: 628px) 100vw, 628px\" \/><\/p>\n<p>&nbsp;<\/p>\n<p align=\"justify\">A une heure de route,&nbsp; pour les plus aventureux, de nombreuses via-ferrata, canynoning, avec Dr\u00f4me Aventures (<a href=\"https:\/\/www.drome-aventure.com\">https:\/\/www.drome-aventure.com<\/a>)<\/p>\n<p>&nbsp;<\/p>\n<p align=\"justify\">Pour les amoureux d&rsquo;\u00e9quitation, Le Centre \u00c9questre de Saillans (Equi&rsquo;Saillans) vous accueillera au pied du Vercors, r\u00e9gion id\u00e9ale pour des ballades \u00e0 cheval !&nbsp;<\/p>\n<p><img loading=\"lazy\" decoding=\"async\" class=\"wp-image-254 alignright\" src=\"https:\/\/www.lesdavins.fr\/wp-content\/uploads\/2017\/06\/equitation-300x169.jpg\" alt=\"\" width=\"514\" height=\"290\" srcset=\"https:\/\/www.lesdavins.fr\/wp-content\/uploads\/2017\/06\/equitation-300x169.jpg 300w, https:\/\/www.lesdavins.fr\/wp-content\/uploads\/2017\/06\/equitation-768x432.jpg 768w, https:\/\/www.lesdavins.fr\/wp-content\/uploads\/2017\/06\/equitation-1024x576.jpg 1024w, https:\/\/www.lesdavins.fr\/wp-content\/uploads\/2017\/06\/equitation.jpg 1366w\" sizes=\"auto, (max-width: 514px) 100vw, 514px\" \/><\/p>\n<p>&nbsp;<\/p>\n<p>&nbsp;<\/p>\n<p>&nbsp;<\/p>\n<p>&nbsp;<\/p>\n<p>&nbsp;<\/p>\n<p>&nbsp;<\/p>\n<p>&nbsp;<\/p>\n<p align=\"justify\">A l&rsquo;est de Tournon, dans le joli village de Boucieu le Roi, prenez le d\u00e9part d&rsquo;un v\u00e9rorail !<br \/>\nLe v\u00e9lorail des Gorges du Doux emprunte sur deux parcours de douze kilom\u00e8tres chacun la ligne historique du Chemin de Fer du Vivarais construite en 1891. Taill\u00e9e \u00e0 flanc de montagne avec de nombreux ouvrages d\u2019art (pont, viaducs, tunnel), la ligne nous fait d\u00e9couvrir les paysages magnifiques des Gorges du Doux, affluent du Rh\u00f4ne au Nord de l\u2019Ard\u00e8che.<\/p>\n<p align=\"justify\">&nbsp;<\/p>\n<p align=\"justify\"><img loading=\"lazy\" decoding=\"async\" class=\"alignnone size-medium wp-image-977\" src=\"https:\/\/www.lesdavins.fr\/wp-content\/uploads\/2024\/02\/IMG_6912-1-300x200.jpg\" alt=\"\" width=\"300\" height=\"200\" srcset=\"https:\/\/www.lesdavins.fr\/wp-content\/uploads\/2024\/02\/IMG_6912-1-300x200.jpg 300w, https:\/\/www.lesdavins.fr\/wp-content\/uploads\/2024\/02\/IMG_6912-1-1024x683.jpg 1024w, https:\/\/www.lesdavins.fr\/wp-content\/uploads\/2024\/02\/IMG_6912-1-768x512.jpg 768w, https:\/\/www.lesdavins.fr\/wp-content\/uploads\/2024\/02\/IMG_6912-1-1536x1024.jpg 1536w, https:\/\/www.lesdavins.fr\/wp-content\/uploads\/2024\/02\/IMG_6912-1-2048x1365.jpg 2048w\" sizes=\"auto, (max-width: 300px) 100vw, 300px\" \/>&nbsp; &nbsp; &nbsp; &nbsp; &nbsp; &nbsp; &nbsp; &nbsp; &nbsp; &nbsp; &nbsp; &nbsp; &nbsp; &nbsp; &nbsp; &nbsp; &nbsp; &nbsp; &nbsp; &nbsp; &nbsp; &nbsp; &nbsp; &nbsp; &nbsp; &nbsp; <img loading=\"lazy\" decoding=\"async\" class=\"alignnone size-medium wp-image-976\" src=\"https:\/\/www.lesdavins.fr\/wp-content\/uploads\/2024\/02\/villecourt-velorail-juin21-491-300x200.jpg\" alt=\"\" width=\"300\" height=\"200\" srcset=\"https:\/\/www.lesdavins.fr\/wp-content\/uploads\/2024\/02\/villecourt-velorail-juin21-491-300x200.jpg 300w, https:\/\/www.lesdavins.fr\/wp-content\/uploads\/2024\/02\/villecourt-velorail-juin21-491-1024x684.jpg 1024w, https:\/\/www.lesdavins.fr\/wp-content\/uploads\/2024\/02\/villecourt-velorail-juin21-491-768x513.jpg 768w, https:\/\/www.lesdavins.fr\/wp-content\/uploads\/2024\/02\/villecourt-velorail-juin21-491-1536x1025.jpg 1536w, https:\/\/www.lesdavins.fr\/wp-content\/uploads\/2024\/02\/villecourt-velorail-juin21-491.jpg 2000w\" sizes=\"auto, (max-width: 300px) 100vw, 300px\" \/><\/p>\n<p>&nbsp;<\/p>\n","protected":false},"excerpt":{"rendered":"<p>&nbsp; &nbsp; &nbsp; A partir d&rsquo;avril, vous pourrez descendre la Dr\u00f4me en cano\u00eb. Plusieurs parcours entre 3 et 49 kms entre Saillans et Crest permettent de d\u00e9couvrir la r\u00e9gion sous un autre angle ! &nbsp; &nbsp; &nbsp; A une heure de route,&nbsp; pour les plus aventureux, de nombreuses via-ferrata, canynoning, avec Dr\u00f4me Aventures (https:\/\/www.drome-aventure.com) &nbsp;<span class=\"read-more-wrap\"><a class=\"moretag\" href=\"https:\/\/www.lesdavins.fr\/index.php\/a-l\/activites-loisirs\/\">Lire la suite<span class=\"screen-reader-text\">Loisirs \u00e0 proximit\u00e9<\/span><\/a><\/span><\/p>\n","protected":false},"author":1,"featured_media":0,"parent":368,"menu_order":0,"comment_status":"closed","ping_status":"closed","template":"template-fullwidth.php","meta":{"ngg_post_thumbnail":0,"footnotes":""},"class_list":["post-121","page","type-page","status-publish","hentry"],"_links":{"self":[{"href":"https:\/\/www.lesdavins.fr\/index.php\/wp-json\/wp\/v2\/pages\/121","targetHints":{"allow":["GET"]}}],"collection":[{"href":"https:\/\/www.lesdavins.fr\/index.php\/wp-json\/wp\/v2\/pages"}],"about":[{"href":"https:\/\/www.lesdavins.fr\/index.php\/wp-json\/wp\/v2\/types\/page"}],"author":[{"embeddable":true,"href":"https:\/\/www.lesdavins.fr\/index.php\/wp-json\/wp\/v2\/users\/1"}],"replies":[{"embeddable":true,"href":"https:\/\/www.lesdavins.fr\/index.php\/wp-json\/wp\/v2\/comments?post=121"}],"version-history":[{"count":55,"href":"https:\/\/www.lesdavins.fr\/index.php\/wp-json\/wp\/v2\/pages\/121\/revisions"}],"predecessor-version":[{"id":1046,"href":"https:\/\/www.lesdavins.fr\/index.php\/wp-json\/wp\/v2\/pages\/121\/revisions\/1046"}],"up":[{"embeddable":true,"href":"https:\/\/www.lesdavins.fr\/index.php\/wp-json\/wp\/v2\/pages\/368"}],"wp:attachment":[{"href":"https:\/\/www.lesdavins.fr\/index.php\/wp-json\/wp\/v2\/media?parent=121"}],"curies":[{"name":"wp","href":"https:\/\/api.w.org\/{rel}","templated":true}]}}